 = 0. Let f(b) = 4*b**2 - q*b + 2*b + b**3 + b + 5 + 0*b. Give f(-4).
1
Let x(c) = 2*c**3 + 17*c**2 + 38*c + 11. Let n be -3*2 - 2*((-315)/30)/21. Determine x(n).
-4
Suppose -w + 0*w = 4. Let f(q) = -7*q**2 - 20*q - 22. Let z(d) = d**2 + 2*d + 3. Let p(h) = -f(h) - 6*z(h). Give p(w).
-12
Let w(s) be the first derivative of -s**3/3 - 5*s**2/2 - 14. Let z be 1/(-2) - (-22)/(-4). Let a be 6/(-9)*z*(-2)/2. Give w(a).
4
Let v(b) = -2*b**3 + b**2 - 4*b + 2. Let y be v(1). Let c be 2/((-5)/y + -1). Let n(m) = -m**2 + 7. Let a be n(c). Let d(u) = u**2 - 2*u - 2. Give d(a).
6
Let m be 1 - 8/2 - -53. Let a(g) = 0*g**2 - m - 7*g + 93 - g**2 - 48. What is a(-7)?
-5
Let r(i) = -24*i**2 + 27*i**3 - 26*i - 28*i**3 - 2001 + 1932. Give r(-23).
0
Let y(b) = -5*b**3 - 2*b**2 + 2*b + 6. Let v(r) = -r**3 + 1. Let n(z) = -4*v(z) + y(z). Let p be -7 - (48/(-15) - 16/20). Let x be (9 - 9) + p*1. Give n(x).
5
Let k(f) = -10*f - 32. Let g be 4 + (-110)/15 - (-2 - (-20)/12). Calculate k(g).
-2
Let p be (71/(-71))/((-2)/(-12)). Let j(h) = h**2 + 4*h - 19. What is j(p)?
-7
Suppose -5*q - t = -4*t - 37, 2*q + 5*t + 10 = 0. Let z(v) = 4*v**2 - 12*v - 5. Let y(p) = -5*p**2 + 13*p + 8. Let h(k) = -2*y(k) - 3*z(k). What is h(q)?
-1
Let h(j) = 2*j**3 - 21*j**2 + 13*j - 22. Let t(k) = -38*k - 522. Let v be t(-14). Calculate h(v).
8
Let l be (3 + 0)/((-67)/134). Let b(c) = -c**2 - 10*c - 9. Determine b(l).
15
Let s(l) be the second derivative of -l**5/24 - l**4/6 - 110*l**3/3 + 2*l - 4. Let w(y) be the second derivative of s(y). Give w(-6).
26
Let t(x) = -3*x**2 + 28*x - 21. Let w(q) = q**2 - 9*q + 7. Let k(l) = 2*t(l) + 7*w(l). Suppose -41*z = -33*z - 32. Determine k(z).
-5
Let c(m) = m**2 + 9*m + 28. Let r(v) = 3*v**2 + 12*v + 40. Let u(n) = -7*c(n) + 5*r(n). What is u(1)?
9
Let y(m) = -6*m - 23. Let i(z) = 10*z + 19. Let j(u) = -2*i(u) - 3*y(u). What is j(15)?
1
Let i(v) = -2*v**2 + 15*v - 2. Suppose 34*a - 2*j = 36*a - 10, -2*j = a - 4. Determine i(a).
16
Let p(f) be the first derivative of -4*f**2 - 2*f + 961. Determine p(-2).
14
Let i(u) = -5*u**2 - u. Let y(x) = -x - 34. Let w be y(-17). Let c = w + 37. Let m = -19 + c. Calculate i(m).
-6
Let q(p) = -p**3 - 2*p**2 + 2*p + 2. Let j(w) be the first derivative of 5*w**2/2 + 105*w + 224. Let l be j(-21). Give q(l).
2
Let r(q) be the third derivative of -q**4/12 + 20*q**3/3 - 3*q**2 + 52*q. Determine r(24).
-8
Let j(f) = -2*f + 63. Let b(r) = 7*r - 252. Let t(m) = b(m) + 4*j(m). Let v be (2 - 8/6)*-3. Calculate t(v).
2
Let n = -64 + 62. Let o(g) = -20 - 15*g + 0 + 35 - 14. Give o(n).
31
Let g(a) = a**3 - 3*a**2 + 3*a. Let p(w) = 3*w**3 - 24*w**2 - 9*w - 71. Let f(o) = -2*g(o) + p(o). What is f(19)?
5
Suppose 40 = -2*y - 212. Let g = -319 - -197. Let w = y - g. Let v(m) = 2*m**2 + 6*m + 5. Calculate v(w).
13
Let d be 4*(-11)/(-176)*-1*8*-8. Let m(q) = 2*q - 54. Determine m(d).
-22
Let y(m) = -14*m**3 - 5*m**2 + 2*m + 2. Suppose 5*q - 3 + 22 = 4*b, 2*q + 4 = -2*b. Give y(b).
-15
Let f(u) = -7*u**3 - u**2 - 6*u - 7. Let a be f(-3). Let v(s) = -s - 8*s - 192 + a + 3*s - s**2. Let g = -11 - -7. Determine v(g).
7
Suppose -9*d + 172 = -52*d. Let a(g) = g**3 + 4*g**2 + 6*g + 8. Give a(d).
-16
Suppose -26*w + 187 = 291. Let c(x) = -x**3 - 4*x**2 - 4*x - 1. Let l(p) = p**2 - p + 1. Let t(s) = -c(s) - l(s). Give t(w).
-36
Let b(x) = -x + 21. Let v(q) = 18*q - 169. Let l(f) = 2*b(f) + v(f). What is l(8)?
1
Let u(n) be the second derivative of 205*n - 7/12*n**4 - n**2 + 0 + 1/20*n**5 + n**3. Let p = 16 - 10. Give u(p).
-2
Let f be 2 - (-1)/((-1)/(-3)). Suppose 0 = -f*s - 23 - 7. Let m(o) be the second derivative of -o**4/12 - o**3 + 5*o**2/2 - 1082*o. What is m(s)?
5
Let r(s) = -674645 - s**2 + s**2 + 2*s - 2*s**3 + 674645. Let x(j) = 3*j**3 + 2*j**2 - 1. Let m be x(-1). Calculate r(m).
12
Let h(w) = 8*w + 9. Suppose -3*d + 29*j + 18 = 35*j, 3*d - 2 = -2*j. Determine h(d).
-7
Let o(c) = 20*c**2 - 27*c + 19. Let u(g) = -11*g**2 + 11*g - 10. Let j(l) = -4*o(l) - 7*u(l). Give j(10).
4
Let a(b) = -b**2 - 15*b - 6. Suppose -48 = -n - 4*k, -4*n + 4*k = -3*n - 48. Suppose 3 = z, -2*r + 5*z - n + 5 = 0. Calculate a(r).
8
Let y(a) = 44 + 34 - 1 + 1 - 16*a + 11. Let c be y(5). Let v(j) = -3*j - 2. Let l(b) = 4*b + 1. Let t(r) = -2*l(r) - 3*v(r). Give t(c).
13
Let n(y) = -56 - y**2 + 27 + 23 + 8*y + y. Let b be n(8). Let o(z) = -z**2 - 3 + b*z + 0*z + 0*z + 0*z. What is o(6)?
-27
Let t be (-2)/6 - (-8)/9*6. Let g(p) = -7 - 18*p**2 + 17*p**2 - t*p + 1. Let z = -55 - -51. Determine g(z).
-2
Let d(q) be the third derivative of -q**4/12 + q**2. Let n be (-2)/(-3) - 16/9*-3. Let y be -5*(-2)/10 - n. Determine d(y).
10
Let b(m) = 28*m**3 + 2*m**2. Suppose 246 = -11*q + 52*q. Let n(s) = s**3 + s**2 + 0*s**2 + 13*s**3. Let w(f) = q*b(f) - 13*n(f). What is w(-1)?
13
Suppose -5*x - 4*x = -27. Suppose -x*u + 122 = 119. Let t(c) = c**3 - c**2 - c + 1. Determine t(u).
0
Let n(v) = v**3 + 3*v**2 + v - 3. Suppose -4*m + 23 = 5*i - 2*m, 8 = 2*i + 2*m. Suppose 4*w - i = -j - 74, 15 = 5*j. Let q = w + 15. Give n(q).
-6
Let m(w) be the second derivative of w**6/240 + w**5/120 - 29*w**4/12 - w**2 - 63*w. Let h(y) be the third derivative of m(y). Let s = 12 + -11. What is h(s)?
4
Let g(q) be the third derivative of 1/60*q**5 + 1/6*q**4 - 5*q**2 + 0 + 0*q + 13/3*q**3. Let t(a) be the first derivative of g(a). Determine t(-6).
-8
Let u be 2/(-8)*3*8. Let h(d) be the third derivative of 0 - d + 7/6*d**3 + 1/24*d**4 - 93*d**2. Give h(u).
1
Let h be (298/14)/1 - 6/21. Suppose 2*w + 21 - h = 0. Let i(s) be the third derivative of -s**5/60 - 4*s**3/3 - 6*s**2 + 10*s. What is i(w)?
-8
Let l(t) = 79 + 53 - 156 - t. Let d be l(-22). Let o(s) = 3*s + 0*s**2 + 1 + 3*s**2 + 0*s. What is o(d)?
7
Let a(z) = -z - 9. Let x be a(-14). Suppose 0 = x*s + 4*j, -3*s + j - 4*j = 0. Suppose s = -2*p - 8. Let o(n) = -n**2 - 4*n + 1. Give o(p).
1
Let f be (-2 - -7) + (-6 - (4 - 7)). Let j(w) = 12*w**3 + 11*w**3 + 8*w + 9*w**f - 22*w**3 + 7. Give j(-8).
7
Let f(t) = 28 - 123 + 32 + t + 29 + 27. Determine f(11).
4
Suppose -k - 3 = -5*h, 5*k = -1 + 11. Let m(d) = -5*d**3 + 2*d**2 + 15*d - 28. Let v(p) = p**3 - 4*p + 7. Let x(q) = -m(q) - 4*v(q). What is x(h)?
0
Let s = 1159 - 1159. Let d(m) = -m**3 - m**2 - 5*m - 10. Calculate d(s).
-10
Let t(c) be the second derivative of 4*c**3/3 + 23*c**2/2 - 322*c. Give t(-4).
-9
Let c(m) = m**3 + 3*m**2 - 7*m - 6. Suppose -81*l = -85*l. Suppose l = -34*s + 57 - 227. What is c(s)?
-21
Let g(f) be the third derivative of f**6/120 - 7*f**5/60 + f**3/6 + 3966*f**2 - 1. Suppose 25 = 5*p - 4*u, -5 = -p - 5*u + 2*u. Give g(p).
-49
Let v(x) be the second derivative of 11*x**3/6 - 10*x**2 - 9103*x. What is v(-4)?
-64
Let r(v) be the first derivative of -v**6/120 - v**5/12 + v**4/3 + 3*v**3/2 + v**2/2 - 4*v - 63. Let m(w) be the second derivative of r(w). Determine m(-6).
-3
Let h(j) = 13686*j - 561110. Let p be h(41). Let y(x) = 5*x - 80. Let d(u) = -u + 16. Let z(a) = 22*d(a) + 4*y(a). Give z(p).
0
Let u(s) = -s**3 + 7*s**2 - 7*s - 18. Let x be u(5). Let i(h) = 8*h + 23. Let m be i(x). Let t(d) = -2*d - 1. Determine t(m).
1
Let j be (1/(-1))/((-14)/(-336)). Let g(c) = 3*c - 19. Let r be g(5). Let a be (-37)/6 + r/j. Let u(m) = m**3 + 7*m**2 + 3*m - 6. What is u(a)?
12
Let h be (390/12 - 8)*(-116)/(-406). Let g(c) be the first derivative of -c**4/4 + 7*c**3/3 + c**2 - 6*c - 1. Determine g(h).
8
Let y(j) = -j**2 - 3*j - 9. Let v = -1292 - -1289. Give y(v).
-9
Let n(l) be the third derivative of 17/6*l**3 - 45*l**2 + 0 + 0*l + 11/24*l**4 - 1/120*l**6 - 3/20*l**5. Give n(-10).
7
Let m(q) be the second derivative of q**4/12 - 8*q**3/3 + 14*q**2 - 906*q. Calculate m(12).
-20
Suppose -75*d - 63*d - 646 = -232. Let g(b) = -2*b + 8. Let p(j) = -j + 1. Let l(f) = g(f) - 3*p(f). Give l(d).
2
Suppose 0 = 2*u - 20 - 56. Let x = u + -30. Let d(g) = 5*g - 9*g - 3*g - g + g**2. What is d(x)?
0
Let v(t) be the third derivative of t**6/360 - t**5/24 - t**4/8 - 9*t**3 + 39*t**2. Let n(l) be the first derivative of v(l). Determine n(6).
3
Let m = 583 + -587. Let s = 0 + 2. Let j(v) = 7*v + v**3 + 3*v**2 - 8*v - s*v. What is j(m)?
-4
Suppose 28*f - 234 = 10*f. Suppose 11*v - f*v - 8 = 4*c, -5*c - 5 = 5*v. Let j(u) = 3*u**3 - 2*u**2 + u - 1. What is j(v)?
17
Let y be -6 + (2 - 4) + 23. 